*m**2 - m**2 - 3*m**2. Let i(h) = h + 6. Let a be i(-2). What is b(a)?
8
Suppose -2*m = 5*a, -2*a - 17*m - 9 = -18*m. Let y(t) = 2*t - 5*t - 4*t**2 - 1 + 3*t**2. What is y(a)?
1
Let b be (2 - 6) + -2 - -1. Let w be (-1 - -8) + (12 - 13). Let f(p) = -3 + p - w*p**2 - 5*p + p - 2*p - p**3. Determine f(b).
-3
Let z(b) = -b**3 + 7*b**2 - 6*b - 4. Let l(x) = x**3 - 4*x**2 + 5*x - 1. Let h be l(3). Suppose h*w - 3 = i + 2, -6 = -2*i + 2*w. What is z(i)?
16
Let h(a) = a**3 - 2*a**2 + 1. Let z(g) = g**3 - 7*g**2 + g + 5. Let t(f) = 2*h(f) - z(f). Determine t(-4).
-15
Let r(h) be the third derivative of -h**5/60 + h**4/3 - 13*h**3/6 + 227*h**2. Calculate r(6).
-1
Let v = 11 + -10. Let d(g) = -19*g**2 + 18*g**2 + 4*g - v + 3. Give d(6).
-10
Suppose 7*l = -2299 + 2187. Let y(q) = -q**2 - 16*q - 3. What is y(l)?
-3
Let z(p) = 46*p - 13 - 139*p + 48*p + 46*p. What is z(8)?
-5
Let b = 124 - 109. Suppose -14 + b = -n. Let f(x) = 6*x**2 + x. Give f(n).
5
Let n(a) = a**2 + a - 1. Let y(k) = -k**3 - 4*k**2 + 3*k - 6. Let z be y(-5). Suppose 4*t + t + b - 11 = 0, -z*t + 12 = 4*b. Calculate n(t).
5
Let j = -800 + 793. Let s(p) = 6 + 0*p**3 - 5*p + p**3 + 6*p**2 - 2. Determine s(j).
-10
Suppose u - 8 = -u. Let l be (-1)/u - 99/(-44). Let z(o) = o**3 + 2*o**2 - 4*o + 2. Determine z(l).
10
Suppose 8*d - 5*d - 24 = 0. Let v(w) = 1 + 2*w + d*w + 2*w - 18*w - w**2. Determine v(-5).
6
Let o(j) = -j**2 + 1. Suppose -7*l + 16 = -3*l. Suppose l*d - 3 = 4*u + 1, -5 = -d - 3*u. Let k be (1/d)/((-5)/10). Give o(k).
0
Let g be 1 + (6 - -4)/1. Suppose 3*h - g - 7 = 0. Let n(w) = w**2 - 8*w + 5. Give n(h).
-7
Let h be (-1)/((-3)/(-117)*-3*1). Let b(x) = 12 + 5 + x - 27 + h. Calculate b(6).
9
Let i(o) = -11*o**3 - 11*o**2 + 22*o - 17. Let w(d) = -9*d**3 - 12*d**2 + 21*d - 14. Let l(c) = 4*i(c) - 5*w(c). Calculate l(-17).
2
Suppose 0 = -25*b + 33*b - 24. Suppose 0 = -b*j + 3*z + 15, 4*z + 6 = -5*j - 5. Let q(s) = 8*s - 1. What is q(j)?
7
Let m(z) be the second derivative of z**4/6 - z**3/6 - 3*z**2/2 - 78*z. What is m(3)?
12
Let q(r) = -2*r - 9. Let v = 31 - -2. Let l = v + -40. What is q(l)?
5
Let m(w) = 3*w**3 + 2*w**2 - 2*w + 3. Let h = -2492 - -2494. Determine m(h).
31
Let o(l) = -29 - 9 + 39 + 0*l - 6*l - l. Give o(5).
-34
Let f(p) = 145 - p - 72 - 71. Let k(m) = -1. Let a(b) = f(b) + 3*k(b). Let g(i) = i**3 + 3*i**2 - 3*i - 3. Let l be g(-3). Determine a(l).
-7
Let a be 3/2 - (6 - -5)/(-11). Let l(g) be the first derivative of -9 + a*g**2 + 5*g + 1/3*g**3. Calculate l(-5).
5
Let t(s) be the third derivative of s**5/15 + s**4/24 + s**3/3 - 2*s**2 - 122*s. What is t(-3)?
35
Let l(p) = -15*p + 1. Let w(z) = 2*z**2 + 16*z + 8. Let d be w(-8). Suppose 6*b - 2 = -d. Give l(b).
16
Let m = 4 + -6. Let v(w) = -4*w**2 - 14*w + 19. Let q(g) = -g**2 - 5*g + 7. Let d(h) = -8*q(h) + 3*v(h). Determine d(m).
-11
Let w(g) be the second derivative of 55*g + 0 - 2*g**2 - 1/2*g**3 + 2/3*g**4 - 1/20*g**5. Determine w(7).
24
Let c(r) = -3*r + 17*r**2 - 18*r**2 + 6*r**3 + r. Let m be c(-1). Let q(f) = -1 + 7 - 2 - f**2 - 2*f. What is q(m)?
-11
Let l be (-12)/8 + 93/6. Let t(f) = 3*f**2 + 6*f**2 - 1 - l*f**2 + 2*f**3 + 6*f**2. Determine t(1).
2
Suppose 2 = -3*r - 2*c, 0 = 5*r + 5*c + 7 + 3. Let v(l) = -5 + 4*l**3 + 2*l**3 - r*l**3 - 3*l**3. Give v(0).
-5
Let v(h) = -h**2 - 2*h - 1. Let x be (-7 - -6)/(7/(-28)). What is v(x)?
-25
Let v be (-14)/(-49) + 607/7. Let r(m) = -8*m - v + 87. Determine r(-2).
16
Let b(i) = 10*i - 5 + 65*i**2 + 60*i**2 - 193*i**2 + 67*i**2. Give b(9).
4
Let s(m) = -2*m**2 + m + 3. Let w = 268 + -264. What is s(w)?
-25
Let r(w) = -7*w**2 - w + 12. Let n(v) = -8*v**2 - v + 8. Let s(u) = -3*n(u) + 2*r(u). Calculate s(-1).
9
Let o(l) = 21*l - 9 - 12 - 37*l + l**2 + 0. What is o(18)?
15
Let b(l) = 3*l - 31*l**2 + 23*l**2 + 9*l**2 + 4. Give b(-3).
4
Let u(m) = -3*m - 24. Let x = -39 + 32. Let c be u(x). Let r be (-1)/((-40)/(-14) + c). Let h(b) = -b + 10. Determine h(r).
3
Let v(y) = y - 1. Let c(p) = -3*p + 6. Suppose -12*f = -14*f + 2. Let s(d) = f*c(d) + 4*v(d). What is s(-3)?
-1
Let w(r) be the second derivative of r**5/20 - 11*r**4/12 + r**3 + 4*r**2 + 118*r. Determine w(10).
-32
Let q(f) be the first derivative of -f**2/2 - 18*f + 137. Determine q(-6).
-12
Let z(o) = 2*o. Let y = 10 - 8. Suppose -6 = 4*f - 5*c, 2 = -0*f - 2*f + y*c. Calculate z(f).
2
Let i(u) = -u**3 - 7*u**2 - 3*u - 9. Let j(p) = p**2 + 7*p. Let r be j(-5). Let g(o) = o**2 + 10*o - 7. Let z be g(r). What is i(z)?
12
Let x(r) = 2*r**3 + 12*r**2 - 7*r + 4. Let o(t) = -t**3 - 6*t**2 + 3*t - 2. Let i(u) = 9*o(u) + 4*x(u). Let v = 102 - 94. Suppose -v*j - 31 - 17 = 0. Give i(j).
4
Let p = 18 - 6. Suppose -16 = p*w - 8*w. Let u(r) = 2*r. Calculate u(w).
-8
Let g(l) = 3*l - 3*l + 7*l - 4*l - 14. Let u be g(4). Let j(k) = 1. Let v(n) = n**3 + 3*n**2 + 4*n + 8. Let y(c) = 6*j(c) - v(c). Calculate y(u).
2
Suppose -4*z + 4 = -2*z. Let n(i) = 6 - 6*i + 14*i - 13 - i**2 + 0*i**z. Let b be (5 + 1 + -1)/1. Determine n(b).
8
Let z(c) be the first derivative of -c**4/4 + c**3/3 + 6*c - 110. Determine z(0).
6
Let g(z) = -2*z**3 + z**3 + 2 + 9*z + 2*z**2 - 13*z. Suppose -5*l + 1 + 1 = 4*k, 9 = k - 3*l. Let c be 22/12 - k/(-18). What is g(c)?
-6
Let y = 9 + -5. Let w(q) = -y + 3 + 6*q - 7*q. Let t(s) = -s**3 - 18*s**2 - 19*s - 33. Let p be t(-17). What is w(p)?
-2
Let n be 4/(((-30)/(-27))/(-5)). Let v = -15 - n. Let w(c) = -7*c**3 + v + 3*c**3 + 3*c**3 - c. Determine w(0).
3
Let j be (-1 - 0)*3*(-28)/12. Let i = -11 + j. Let l(o) = o**2 + 4. Calculate l(i).
20
Let p(t) = -t**3 - 5*t**2 - t + 6. Let u = -6 + -90. Let y = 91 + u. What is p(y)?
11
Suppose -3*z - t = -16, z - 4*z - 2*t + 20 = 0. Let r(s) = -s + 2*s - s - 3 - z*s. What is r(-4)?
13
Let h(k) = 612 - 618 + 2*k**2 - 2*k + 4*k. Determine h(2).
6
Suppose 7 = -3*t + m, 4 = 4*t - 3*m + 5. Suppose 22*f - 19*f = 12. Let p(s) = 0*s + s**3 + f*s + 0*s**3 + 4*s**2 - 2*s + 5. What is p(t)?
-3
Suppose -m + 3*c + 12 = 0, c + c - 14 = -3*m. Let p(z) = -z**3 + 8*z**2 - 7*z - 7. What is p(m)?
23
Let j(f) be the first derivative of -7*f**2/2 + 14*f - 497. What is j(2)?
0
Let k(p) = 8 - 15 - p**2 + 4 + 3*p. Calculate k(2).
-1
Let r(i) = -i**2 + 7*i - 2. Let a(c) = -c**3 + 7*c**2 - c + 15. Let q be 68*5/50 - (-2)/10. Let x be a(q). What is r(x)?
-10
Let p(g) be the second derivative of -g**5/20 + 2*g**4/3 - 5*g**3/6 + 9*g**2/2 - 28*g + 1. Calculate p(8).
-31
Let x(k) = -k**2 - 5*k + 5. Let b be (-2 + -3)/5 + -4. Determine x(b).
5
Let l(o) = 2*o**2 + 7*o - 5*o**2 - o**3 - 3 + 8*o**2. Let w be l(6). Suppose 9*x - w*x = 36. Let v(p) = -p**2 + 5*p. Give v(x).
-6
Let r(y) = 3*y + 8. Let s be r(23). Let j = -74 + s. Let c(p) = p**3 - 2*p**2 - 3*p + 2. What is c(j)?
2
Let w(n) = 10*n + 3*n**2 - 2*n + 3*n**2 - 2*n - 8*n**3 + 9*n**3. Give w(-4).
8
Let x(r) = 4*r - 164*r**2 + 160*r**2 + r + 9. Let h(m) = -m**2 + 1. Let s(d) = -3*h(d) + x(d). Give s(5).
6
Let w be -3 + 11 - 12/(0 - -4). Let i(c) be the third derivative of 0 + 3/2*c**3 + 1/60*c**w + 7/24*c**4 + 0*c + c**2. Determine i(-6).
3
Let w(l) = 9*l**2 - 12*l**2 - 3*l + 3 + 6*l. Let y(j) = 2*j**2 - 3*j - 3. Let m(g) = 4*w(g) + 5*y(g). Give m(-2).
-5
Let g be (-150)/35 + 3*(-4)/(-42). Let j be (7/(14/(-4)))/(-2). Let p(m) = m + 0 + m - j. Give p(g).
-9
Let t(g) = -2*g + 7. Let z(h) = 9*h - 28. Let i(u) = 4*t(u) + z(u). Let k be 4*(2*-1 - -1). What is i(k)?
-4
Let g(l) = -l**2 + l - 2. Suppose 0 = -0*b - 47*b + 188. Give g(b).
-14
Let l(g) = -4*g**2 - 1. Let d(q) = -q**2 - 12*q - 19. Let r be d(-8). Let n = 13 - r. Suppose 3*u + 8 - 5 = n. Give l(u).
-5
Let o(q) be the second derivative of -7*q**4/6 + q**3/6 + q**2/2 - 2*q. Suppose 3*l - 23 = j - 30, -2*l = -j + 6. Determine o(l).
-14
Suppose -n - 3*n - 5*m = -44, 16 = 4*m. Let d(i) = -i**2 + 7*i + 5. Determine d(n).
11
Let s(r) = -r**3 + 3*r**2 + 3*r + 2. Let j(q) = -4*q**2 + 19*q - 18. Let m be j(3). What is s(m)?
11
Let n(s) = 3*s**2 - s - 1. Let x(r) = 5*r**2 + 3*r + 1. Let m(p) = 2*n(p) + x(p). What is m(1)?
11
Let w be (-38)/4 - -8 - 10/(-6). Let i(z) be the second derivative of -1/12*z**4 + w*z**3 - 2*z + 0 + 0*z**2. Give i(-3).
-12
Let i(u) = u - 20. Let q = -42 + 54. Determine i(q).
-8
Suppose 2*j + 2*h = -3*h + 1, 0 = 3*h + 3. Let a be 3*1/(1/1). Let m(i) = 1 - 4*i**3 + 0*i**3